{"id":316,"date":"2017-02-16T15:43:31","date_gmt":"2017-02-16T14:43:31","guid":{"rendered":"http:\/\/www.projekt-deine-zukunft.de\/?page_id=316"},"modified":"2017-02-17T11:30:17","modified_gmt":"2017-02-17T10:30:17","slug":"vcontroll-arduino-uno","status":"publish","type":"page","link":"http:\/\/www.projekt-deine-zukunft.de\/?page_id=316","title":{"rendered":"VControll Arduino UNO Hardware"},"content":{"rendered":"<h2>VControll<\/h2>\n<p><strong>Aufgabenstellung:<\/strong><\/p>\n<p>4 Spannungen an einer analogen Modellbahnanlage in Spur N sollen \u00fcberwacht werden. Die Messwerte der einzelnen Spannung sollen in einem Bereich (hier zwischen 5.0V und 8.5V) jeweils \u00fcber LED und LC-Display angezeigt werden.<\/p>\n<p><strong>Hardware:<\/strong><\/p>\n<p>Das ist meine L\u00f6sung: Einen Arduino UNO R3 aus der Bastelkiste ein LCD 16&#215;2 oder 20&#215;2 ein paar Widerst\u00e4nde und ein paar LEDs.<\/p>\n<p>Ich den Schaltplan und das Layout in <a href=\"http:\/\/kicad-pcb.org\/\">KiCAD<\/a> gemacht. Das Programm hat sich sehr positiv weiter entwickelt. Jetzt ist es eine echte Alternative und kann sich durchaus mit kommerziellen Produkten messen.<\/p>\n<p><a href=\"http:\/\/www.projekt-deine-zukunft.de\/wp-content\/uploads\/2017\/02\/VControll_sch.png\"><img decoding=\"async\" loading=\"lazy\" class=\"alignright size-large wp-image-324\" src=\"http:\/\/www.projekt-deine-zukunft.de\/wp-content\/uploads\/2017\/02\/VControll_sch-1024x793.png\" alt=\"\" width=\"695\" height=\"538\" srcset=\"http:\/\/www.projekt-deine-zukunft.de\/wp-content\/uploads\/2017\/02\/VControll_sch-1024x793.png 1024w, http:\/\/www.projekt-deine-zukunft.de\/wp-content\/uploads\/2017\/02\/VControll_sch-300x232.png 300w, http:\/\/www.projekt-deine-zukunft.de\/wp-content\/uploads\/2017\/02\/VControll_sch-768x595.png 768w, http:\/\/www.projekt-deine-zukunft.de\/wp-content\/uploads\/2017\/02\/VControll_sch.png 1162w\" sizes=\"(max-width: 695px) 100vw, 695px\" \/><\/a>Das ganze Projekt soll als Shield nach den aktuellen Daten der Arduino R3 erstellt werden.<\/p>\n<p>Also erstmal die Buchsenleisten setzten. F\u00fcr die 4 Spannungen die zu \u00fcberwachen sind habe ich eine 5 polige Schraubklemme gew\u00e4hlt. Jeweils 1 f\u00fcr die Spannung und eine gemeinsame Masse.<\/p>\n<p>Die Spannungen liegen zwischen 0 und 12V der Arduino kann maximal 5.0V an den Eing\u00e4ngen.<\/p>\n<p>Ich habe 4 Spannungsteiler die im Verh\u00e4ltnis 1 zu 3 dimensioniert werden. Diese Signale gehen an die Analogeing\u00e4nge A0 bis A3.<\/p>\n<p>Auf der anderen Seite habe ich die Anschl\u00fcsse f\u00fcr ein LCD im 4bit Modus und 4 Kan\u00e4le f\u00fcr en die LED vorgesehen.<\/p>\n<p>Die LEDs sind zwischen VCC und GND an jeweils einem DIO des Arduino. Wenn der Ausgang LOW ist wird der obere Zweig durchflossen. Die rote LED leuchtet. Wenn der Ausgang HIGH ist flie\u00dft der Strom durch die gr\u00fcne LED.<\/p>\n<p>Noch ein paar Kleinigkeiten an der Versorgung, eine Zener-Diode zum Schutz und ein Elko zum puffern. Das sollte erst einmal ausreichen.<\/p>\n<p>Dann geht es zum Layout. In diesem Bild habe ich mal die Fl\u00e4chenflutung ausgeblendet.<\/p>\n<p><a href=\"http:\/\/www.projekt-deine-zukunft.de\/wp-content\/uploads\/2017\/02\/VControll_brd.png\"><img decoding=\"async\" loading=\"lazy\" class=\"alignright size-large wp-image-323\" src=\"http:\/\/www.projekt-deine-zukunft.de\/wp-content\/uploads\/2017\/02\/VControll_brd-1024x790.png\" alt=\"\" width=\"695\" height=\"536\" srcset=\"http:\/\/www.projekt-deine-zukunft.de\/wp-content\/uploads\/2017\/02\/VControll_brd-1024x790.png 1024w, http:\/\/www.projekt-deine-zukunft.de\/wp-content\/uploads\/2017\/02\/VControll_brd-300x231.png 300w, http:\/\/www.projekt-deine-zukunft.de\/wp-content\/uploads\/2017\/02\/VControll_brd-768x592.png 768w, http:\/\/www.projekt-deine-zukunft.de\/wp-content\/uploads\/2017\/02\/VControll_brd.png 1162w\" sizes=\"(max-width: 695px) 100vw, 695px\" \/><\/a>Die mechanischen Daten f\u00fcr ein Ardunio Shield findet man schnell im Netz.<\/p>\n<p>Bauteile platzieren, noch etwas Text in den Best\u00fcckungsdruck.<\/p>\n<p>Das Layout ist recht einfach und deshalb schnell per Hand geroutet.<\/p>\n<p>So sieht die Platine aus.<\/p>\n<table border=\"1\">\n<tbody>\n<tr>\n<td><a href=\"http:\/\/www.projekt-deine-zukunft.de\/wp-content\/uploads\/2017\/02\/VControll_3D_TOP.png\"><img decoding=\"async\" loading=\"lazy\" class=\"alignleft size-medium wp-image-322\" src=\"http:\/\/www.projekt-deine-zukunft.de\/wp-content\/uploads\/2017\/02\/VControll_3D_TOP-300x172.png\" alt=\"\" width=\"300\" height=\"172\" srcset=\"http:\/\/www.projekt-deine-zukunft.de\/wp-content\/uploads\/2017\/02\/VControll_3D_TOP-300x172.png 300w, http:\/\/www.projekt-deine-zukunft.de\/wp-content\/uploads\/2017\/02\/VControll_3D_TOP-768x441.png 768w, http:\/\/www.projekt-deine-zukunft.de\/wp-content\/uploads\/2017\/02\/VControll_3D_TOP-1024x588.png 1024w, http:\/\/www.projekt-deine-zukunft.de\/wp-content\/uploads\/2017\/02\/VControll_3D_TOP.png 1639w\" sizes=\"(max-width: 300px) 100vw, 300px\" \/><\/a><\/td>\n<td><a href=\"http:\/\/www.projekt-deine-zukunft.de\/wp-content\/uploads\/2017\/02\/VControll_3D_BOTTOM.png\"><img decoding=\"async\" loading=\"lazy\" class=\"alignright size-medium wp-image-321\" src=\"http:\/\/www.projekt-deine-zukunft.de\/wp-content\/uploads\/2017\/02\/VControll_3D_BOTTOM-300x172.png\" alt=\"\" width=\"300\" height=\"172\" srcset=\"http:\/\/www.projekt-deine-zukunft.de\/wp-content\/uploads\/2017\/02\/VControll_3D_BOTTOM-300x172.png 300w, http:\/\/www.projekt-deine-zukunft.de\/wp-content\/uploads\/2017\/02\/VControll_3D_BOTTOM-768x441.png 768w, http:\/\/www.projekt-deine-zukunft.de\/wp-content\/uploads\/2017\/02\/VControll_3D_BOTTOM-1024x588.png 1024w, http:\/\/www.projekt-deine-zukunft.de\/wp-content\/uploads\/2017\/02\/VControll_3D_BOTTOM.png 1639w\" sizes=\"(max-width: 300px) 100vw, 300px\" \/><\/a><\/td>\n<\/tr>\n<\/tbody>\n<\/table>\n<p>An Hardware ist das schon alles. Die entsprechende Software findet ihr <a href=\"http:\/\/www.projekt-deine-zukunft.de\/?page_id=333\">hier<\/a>&#8230;<\/p>\n<p>Danke f\u00fcr euer Interesse.<\/p>\n","protected":false},"excerpt":{"rendered":"<p>VControll Aufgabenstellung: 4 Spannungen an einer analogen Modellbahnanlage in Spur N sollen \u00fcberwacht werden. Die Messwerte der einzelnen Spannung sollen in einem Bereich (hier zwischen 5.0V und 8.5V) jeweils \u00fcber LED und LC-Display angezeigt werden. Hardware: Das ist meine L\u00f6sung: Einen Arduino UNO R3 aus der Bastelkiste ein LCD 16&#215;2 oder 20&#215;2 ein paar Widerst\u00e4nde [&hellip;]<\/p>\n","protected":false},"author":1,"featured_media":0,"parent":34,"menu_order":0,"comment_status":"closed","ping_status":"closed","template":"","meta":[],"_links":{"self":[{"href":"http:\/\/www.projekt-deine-zukunft.de\/index.php?rest_route=\/wp\/v2\/pages\/316"}],"collection":[{"href":"http:\/\/www.projekt-deine-zukunft.de\/index.php?rest_route=\/wp\/v2\/pages"}],"about":[{"href":"http:\/\/www.projekt-deine-zukunft.de\/index.php?rest_route=\/wp\/v2\/types\/page"}],"author":[{"embeddable":true,"href":"http:\/\/www.projekt-deine-zukunft.de\/index.php?rest_route=\/wp\/v2\/users\/1"}],"replies":[{"embeddable":true,"href":"http:\/\/www.projekt-deine-zukunft.de\/index.php?rest_route=%2Fwp%2Fv2%2Fcomments&post=316"}],"version-history":[{"count":14,"href":"http:\/\/www.projekt-deine-zukunft.de\/index.php?rest_route=\/wp\/v2\/pages\/316\/revisions"}],"predecessor-version":[{"id":362,"href":"http:\/\/www.projekt-deine-zukunft.de\/index.php?rest_route=\/wp\/v2\/pages\/316\/revisions\/362"}],"up":[{"embeddable":true,"href":"http:\/\/www.projekt-deine-zukunft.de\/index.php?rest_route=\/wp\/v2\/pages\/34"}],"wp:attachment":[{"href":"http:\/\/www.projekt-deine-zukunft.de\/index.php?rest_route=%2Fwp%2Fv2%2Fmedia&parent=316"}],"curies":[{"name":"wp","href":"https:\/\/api.w.org\/{rel}","templated":true}]}}